3. Let j = z - -6. Suppose -14 = -w - w - 2*f, w - j = f. List the prime factors of w.
7
Suppose -t - 2 = -5, -273 = -3*k + 2*t. List the prime factors of k.
3, 31
Suppose 119 = 2*m + 3*b, 178 + 45 = 4*m + 3*b. What are the prime factors of m?
2, 13
Suppose -4*r - 153 = 3*o, 0 = 2*r + o - 0*o + 77. Let q = r - -77. What are the prime factors of q?
2, 19
Suppose 2*j = 3*j + 2*p - 139, -4*j + 4*p = -580. What are the prime factors of j?
11, 13
Suppose -5*w + 4*d + 3 - 6 = 0, -2*d + 4 = 0. Suppose x = w, -c - 3*x = -0*c - 8. What are the prime factors of c?
5
Suppose -2*h + 3*h = -10. Suppose 4*i - 184 = -0*i. What are the prime factors of i/10 - 4/h?
5
Suppose 2*r = 4*d + 12, 0 = r + 4*r - 20. Let t(n) = -9*n**2 + 3*n - 4. Let v(a) = a - 1. Let x(j) = -t(j) + 3*v(j). What are the prime factors of x(d)?
2, 5
Let h be 2 - -4*(-3)/6. Let m be 3 - (2 + (h - 0)). Let z = m - -3. List the prime factors of z.
2
Suppose x + 133 = 4*s, 4*s - 153 = -x - 30. What are the prime factors of s?
2
Let p(x) = -x + 5. Let l be p(5). Suppose -3*d = -l*d, 0 = 3*u - d + 48. Let q = u + 24. List the prime factors of q.
2
Suppose 17*f - 13*f = 60. List the prime factors of f.
3, 5
Let x be 31/11 - 4/(-22). Let y(n) = 2*n**3 - 3*n**2 - 5*n + 4. List the prime factors of y(x).
2
Let m(h) = -61*h**2 + 2*h. Let v be m(-1). Let x = 91 + v. List the prime factors of x.
2, 7
Let a be ((-122)/(-8) - -1)*4. Let v = a - 43. What are the prime factors of v?
2, 11
Let u = -192 - -289. What are the prime factors of u?
97
Suppose -13*n = -7*n - 1188. What are the prime factors of n?
2, 3, 11
Suppose -6 = a - 37. Let x = -12 + a. What are the prime factors of x?
19
Let x(g) = -g**3 - 6*g**2 + 7*g + 5. Let h be x(-7). Suppose -h*p + 2 = 12. What are the prime factors of -1*-10*(-1)/p?
5
Suppose -t + 4*o = -6, t = -4*t - 3*o + 76. Suppose 3 = -d - 2*y, 0*y = -2*d + 4*y - t. Let p = d - -7. List the prime factors of p.
2
Suppose -38 = s - 117. Suppose -4*c = 3*j - 117, -j + 5*j - s = -3*c. List the prime factors of c.
3, 11
Let h = 17 + 41. List the prime factors of h.
2, 29
Let s = -598 + 1021. What are the prime factors of s?
3, 47
Suppose -5*p = -3*s + 2, -p = -2*s + p + 4. What are the prime factors of s?
2
List the prime factors of 293 - (-4)/3*15/(-10).
3, 97
Let l = 10 - 0. Let i = l + -7. Suppose -3*w - 5*y + 30 = -19, -4*w = i*y - 47. List the prime factors of w.
2
Let m(o) = -3*o**2 + 3*o - 2*o + 4*o**2. Let k be m(-1). Suppose 5*p = 4*u - k*u + 35, 2*p - 14 = 2*u. What are the prime factors of p?
7
Suppose 21 = 4*i - 2*i - m, 5*m = 3*i - 28. Suppose 3*z + i = 4*z. What are the prime factors of z?
11
Let h be 4 + 0/(0 - -1). Let u = 33 - h. What are the prime factors of u?
29
What are the prime factors of 2/8 + (-126)/(-8)?
2
Let a(j) = 2*j**3 - j**2 + j. Let k be a(1). Suppose -4*f - k*r + 8 = 0, -5*r + 6 = 3*f - 7. What are the prime factors of f*15*(-12)/(-20)?
3
Suppose 5 = -4*i - 19. Let j be ((-8)/6)/((-1)/i). Let h(f) = -f**2 - 8*f + 10. What are the prime factors of h(j)?
2, 5
Suppose 0 = -5*i - 7*a + 2*a + 35, -38 = -4*i + a. Let y = i + 3. List the prime factors of y.
2, 3
Let w = 4 - -1. Suppose -w*s = -j - 137, -3*s + 44 = -5*j - 25. List the prime factors of s.
2, 7
Suppose -2*i + 10 = 3*i. Suppose i*g - 5*u = g - 2, 0 = 5*u - 10. What are the prime factors of g?
2
List the prime factors of (-1316)/(-9) - (-12)/(-54).
2, 73
Suppose 5*t = 2*t + 2*y + 31, 5*t = -4*y + 37. Let x = t - -19. What are the prime factors of x?
2, 7
Let a(q) = -q**3 - 6*q**2 + 6*q - 5. Let d be a(-7). Suppose 0 = -o + 5*n + 19, -o = -2*n - d - 8. What are the prime factors of (6/(-4))/((-2)/o)?
3
Let m = 6 - 1. Suppose 2*j - 13 = m*z, 0 = 4*j + 2*z - z - 15. Suppose 0 = -j*l - l + 25. What are the prime factors of l?
5
Let s(n) = n + 9. Let y be s(12). Suppose 0*q - 5*w = 2*q - 5, -y = -5*q - 4*w. What are the prime factors of q?
5
Suppose -b + 3 + 2 = 0. List the prime factors of b.
5
Let m = 355 + -135. List the prime factors of m.
2, 5, 11
Let l be (-1 - 0)/(5 - 6). Let b = l + -1. Suppose b - 9 = -2*a - s, s = 2*a - 11. List the prime factors of a.
5
Let o be (55/(-15))/((-1)/(-3)). Let q = -1 + o. List the prime factors of ((-1)/2)/(1/q).
2, 3
Suppose 3*j + 5*r - 51 = 0, 5*j = 2*r + 2*r + 122. List the prime factors of j.
2, 11
Suppose 0 = -3*j + 2*j + 11. Suppose 2*n - j = -1. What are the prime factors of n?
5
Let s be (-1)/(-2) + (-21)/(-6). Suppose -29 = -s*a - 5. List the prime factors of a.
2, 3
Suppose 0 = 4*f - c - 429, 3*f - 67 = 5*c + 242. What are the prime factors of f?
2, 3
Suppose 0 = 3*y + 41 - 485. What are the prime factors of y?
2, 37
Let z(f) = f + 16. Let s be z(-11). Suppose -3*l - 3*i + 78 = -0*l, s*l + 3*i = 124. What are the prime factors of l?
23
Let h(d) = 6*d - 37. List the prime factors of h(10).
23
Let s = 6 + -19. Let v = s + 33. List the prime factors of v.
2, 5
Let y = 113 - 59. What are the prime factors of y?
2, 3
List the prime factors of 1/((-216)/(-212) - 1).
53
Let j(w) = -w**3 + 9*w**2 - 9*w + 10. Let l be j(8). What are the prime factors of 1*12/(l/1)?
2, 3
Suppose o - 5*j + 2*j - 80 = 0, 2*o - 167 = -j. List the prime factors of o.
83
Suppose -4*j = -5*j + 2. Let q = 12 - 7. Let h = q - j. List the prime factors of h.
3
Suppose -q - 80 = -6*q. What are the prime factors of q?
2
Let n(l) be the third derivative of l**5/24 + l**4/24 + l**3/3 - 3*l**2. Let q(x) be the first derivative of n(x). What are the prime factors of q(2)?
11
Suppose 0 = 5*a - 2*t - 46, -t + 0*t = -3*a + 28. Let s = a + -6. What are the prime factors of s?
2
Let a = 214 - 140. What are the prime factors of a?
2, 37
Let z(r) = 8*r + 4. What are the prime factors of z(2)?
2, 5
Suppose -4*u + 4 + 4 = -2*x, -u - x = -8. Suppose i - 53 = -2*l - l, u*l + i - 69 = 0. List the prime factors of l.
2
Suppose 5*y - 1225 = -105. What are the prime factors of y?
2, 7
Suppose 5*b - 2*q - 583 = 0, 2*b - 120 = 3*q + 122. List the prime factors of b.
5, 23
Suppose 0 = 2*a + 4*s + 6, -3*a + 2 + 13 = -2*s. Let d(j) = j**2 - 4. Let c be d(a). Let v(k) = 2*k - 6. List the prime factors of v(c).
2
Let l = -7 - -11. Suppose -2*s + s + 54 = -l*r, r - s + 12 = 0. List the prime factors of 144/14 + 4/r.
2, 5
Let j be ((-1)/(-2) - -2)*2. Suppose -5*u + 25 = -0*u - j*x, 0 = -2*u + 4*x. List the prime factors of u.
2, 5
Let d(a) = a**3 + 8*a**2 + 6*a + 5. Let u be d(-7). Let f(v) = -v**3 - 7*v**2 + 12*v - 11. Let g be f(-9). What are the prime factors of g/4 - (-3)/u?
11
Let w = 4 - 2. Let d = 25 - 12. Suppose 4*q - 7 = -k + q, -w*k - 5*q + d = 0. List the prime factors of k.
2
Let c be (-1 + 1)*(-1)/3. Let y(m) = -m + 20. List the prime factors of y(c).
2, 5
Let j(l) be the first derivative of l**2 - 7*l - 9. What are the prime factors of j(14)?
3, 7
Let v = 2 + 34. What are the prime factors of v?
2, 3
Let h(v) = 2*v - 5*v - 1 + v + v**2. What are the prime factors of h(5)?
2, 7
Suppose 5*m + 2*w = -34, -3*w = -3*m - 0*w - 12. Let y = m - -25. What are the prime factors of y?
19
Let d be (-1678)/(-14) + (-2)/(-14). Suppose 7*p - 12*p = -d. List the prime factors of p.
2, 3
Let x be -1 + 1 + 0 + 4. Suppose -117 + 25 = -x*w. List the prime factors of w.
23
Suppose 0 = -2*y - 0*y + 16. Let q be y/(-36) + (-148)/(-18). What are the prime factors of 8/5 - q/(-20)?
2
Let q(l) = -l + 1. Let y be q(1). Suppose y = -2*m + 6 - 2. What are the prime factors of m?
2
Let z(t) = -15*t**2 + 2*t. Let f(k) = -22*k**2 + 3*k. Let w(h) = 5*f(h) - 8*z(h). Let l be w(-1). Suppose -2*p = -3*p + l. What are the prime factors of p?
11
Suppose 2*q = -5*y, -3*y + 8*y = 0. Let n be (1 + -4)/(30/(-200)). Suppose n = 2*a - q*a. What are the prime factors of a?
2, 5
What are the prime factors of (3 - -1)/(-4) + 28?
3
Let r = -170 - -295. What are the prime factors of r?
5
Let o(c) = 22*c**3 - 2*c**2 + c. Let l be o(1). Suppose -l = -2*w + 5. What are the prime factors of w?
13
Let g(x) = x**2 - 8*x - 16. What are the prime factors of g(10)?
2
Suppose -5*g = 2*t + 2*t + 7, 5*t + 5*g + 5 = 0. Let h = t - -1. What are the prime factors of h?
3
Let z(p) = p**3 - 3*p**2 - 2*p - 3. Let f be z(4). Suppose 4*a - f*q = 37, -5*a + q + 1 + 61 = 0. List the prime factors of a.
13
Let k(n) = -n**2 - 9*n + 9. Let f(x) = x**2 + 13*x + 3. Le